
What are the prime factors of 3842837?
167, 23011
List the prime factors of 1163139.
3, 109, 3557
What are the prime factors of 330791?
330791
List the prime factors of 2412889.
113, 131, 163
List the prime factors of 695099.
695099
What are the prime factors of 798208?
2, 1559
What are the prime factors of 3898754?
2, 61, 31957
What are the prime factors of 263014?
2, 131507
List the prime factors of 1086510.
2, 3, 5, 36217
What are the prime factors of 1390608?
2, 3, 29, 37
List the prime factors of 174845.
5, 11, 17
List the prime factors of 10266565.
5, 2053313
List the prime factors of 13005752.
2, 1625719
What are the prime factors of 365389?
19, 19231
List the prime factors of 6908731.
1031, 6701
List the prime factors of 2399056.
2, 11, 43, 317
What are the prime factors of 616552?
2, 77069
List the prime factors of 15421604.
2, 11, 463, 757
List the prime factors of 306411.
3, 7, 14591
What are the prime factors of 225126?
2, 3, 11, 379
What are the prime factors of 162425?
5, 73, 89
List the prime factors of 2675143.
19, 140797
List the prime factors of 131648.
2, 11, 17
List the prime factors of 22230968.
2, 17, 31, 5273
List the prime factors of 1163664.
2, 3, 8081
What are the prime factors of 8423679?
3, 11, 37, 6899
List the prime factors of 10490797.
3221, 3257
List the prime factors of 86525.
5, 3461
List the prime factors of 2658933.
3, 98479
List the prime factors of 513596.
2, 128399
List the prime factors of 1429648.
2, 11, 8123
What are the prime factors of 596437?
677, 881
What are the prime factors of 2012962?
2, 7, 59, 2437
List the prime factors of 110843.
199, 557
What are the prime factors of 2785765?
5, 557153
What are the prime factors of 102775?
5, 4111
What are the prime factors of 10351735?
5, 967, 2141
List the prime factors of 28352845.
5, 19, 298451
What are the prime factors of 471554?
2, 137, 1721
List the prime factors of 1035216.
2, 3, 7, 13, 79
List the prime factors of 154641.
3, 19, 2713
What are the prime factors of 430588?
2, 107647
List the prime factors of 1454239.
1454239
List the prime factors of 4948758.
2, 3, 274931
What are the prime factors of 3469777?
3469777
What are the prime factors of 1969113?
3, 656371
List the prime factors of 3539157.
3, 227, 5197
What are the prime factors of 25415469?
3, 941, 3001
What are the prime factors of 12157377?
3, 1033, 3923
What are the prime factors of 5852238?
2, 3, 7, 139339
What are the prime factors of 17734676?
2, 19, 229, 1019
What are the prime factors of 4467359?
13, 23, 67, 223
List the prime factors of 5668444.
2, 953, 1487
List the prime factors of 2219334.
2, 3, 13, 37, 769
What are the prime factors of 616445?
5, 123289
List the prime factors of 16773133.
13, 523, 2467
List the prime factors of 12127697.
12127697
List the prime factors of 839212.
2, 11, 19073
List the prime factors of 1326195.
3, 5, 13, 2267
List the prime factors of 6838622.
2, 7, 488473
What are the prime factors of 553248?
2, 3, 17, 113
What are the prime factors of 5482227?
3, 73, 25033
What are the prime factors of 6873539?
1511, 4549
What are the prime factors of 893669?
7, 43, 2969
List the prime factors of 7267730.
2, 5, 173, 4201
What are the prime factors of 864774?
2, 3, 107, 449
List the prime factors of 209879.
41, 5119
List the prime factors of 6445445.
5, 487, 2647
List the prime factors of 954839.
17, 56167
What are the prime factors of 1358453?
17, 41, 1949
List the prime factors of 1179922.
2, 31, 19031
List the prime factors of 6077921.
43, 107, 1321
List the prime factors of 8807783.
8807783
What are the prime factors of 1895561?
173, 10957
What are the prime factors of 23458354?
2, 11729177
What are the prime factors of 19516108?
2, 647, 7541
List the prime factors of 7901920.
2, 5, 13, 29, 131
What are the prime factors of 22150687?
13, 1703899
List the prime factors of 410400.
2, 3, 5, 19
List the prime factors of 3381806.
2, 29, 199, 293
What are the prime factors of 3308716?
2, 239, 3461
What are the prime factors of 2530244?
2, 632561
List the prime factors of 2224324.
2, 79, 7039
What are the prime factors of 2910336?
2, 3, 11, 13, 53
What are the prime factors of 18124276?
2, 23, 197003
List the prime factors of 5562102.
2, 3, 7, 13, 61, 167
What are the prime factors of 31180635?
3, 5, 17, 40759
List the prime factors of 1049530.
2, 5, 104953
List the prime factors of 954418.
2, 477209
What are the prime factors of 381959?
29, 13171
List the prime factors of 445548.
2, 3, 107, 347
What are the prime factors of 7498568?
2, 7, 11, 37, 47
What are the prime factors of 176389?
176389
What are the prime factors of 59770?
2, 5, 43, 139
List the prime factors of 79242.
2, 3, 47, 281
List the prime factors of 587899.
13, 41, 1103
List the prime factors of 369160.
2, 5, 11, 839
What are the prime factors of 410163?
3, 13, 809
List the prime factors of 944090.
2, 5, 7, 13487
List the prime factors of 227027.
227027
List the prime factors of 2224.
2, 139
What are the prime factors of 6536877?
3, 31, 70289
List the prime factors of 23130915.
3, 5, 307, 5023
List the prime factors of 365808.
2, 3, 7621
List the prime factors of 5817511.
7, 831073
List the prime factors of 702914.
2, 351457
What are the prime factors of 22897073?
883, 25931
What are the prime factors of 7714803?
3, 103, 24967
What are the prime factors of 1594493?
1237, 1289
List the prime factors of 60220.
2, 5, 3011
List the prime factors of 2471004.
2, 3, 68639
List the prime factors of 140269.
140269
What are the prime factors of 6252314?
2, 641, 4877
What are the prime factors of 442428?
2, 3, 7, 23, 229
What are the prime factors of 4248115?
5, 19, 97, 461
What are the prime factors of 2314?
2, 13, 89
List the prime factors of 28818179.
13, 17, 130399
List the prime factors of 159215.
5, 7, 4549
List the prime factors of 158665.
5, 13, 2441
List the prime factors of 1284462.
2, 3, 71359
What are the prime factors of 7916168?
2, 13, 103, 739
What are the prime factors of 3590041?
7, 13, 39451
List the prime factors of 3928999.
127, 30937
List the prime factors of 964733.
7, 11, 17, 67
List the prime factors of 3708645.
3, 5, 433, 571
List the prime factors of 596479.
13, 17, 2699
What are the prime factors of 6995634?
2, 3, 23, 163, 311
List the prime factors of 48799.
48799
List the prime factors of 1719441.
3, 43, 1481
List the prime factors of 5690178.
2, 3, 13, 24317
What are the prime factors of 646716?
2, 3, 7, 7699
List the prime factors of 589114.
2, 19, 37, 419
What are the prime factors of 1522838?
2, 557, 1367
What are the prime factors of 4874749?
11, 443159
What are the prime factors of 534083?
11, 23, 2111
What are the prime factors of 90849?
3, 11, 2753
List the prime factors of 399774.
2, 3, 66629
List the prime factors of 649125.
3, 5, 577
What are the prime factors of 31496049?
3, 13, 241, 1117
List the prime factors of 8740847.
1613, 5419
List the prime factors of 654969.
3, 7, 31189
List the prime factors of 131616.
2, 3, 457
List the prime factors of 748655.
5, 149731
What are the prime factors of 5794138?
2, 7, 413867
List the prime factors of 2602.
2, 1301
What are the prime factors of 51943?
127, 409
What are the prime factors of 10468654?
2, 7, 106823
What are the prime factors of 1236061?
157, 7873
What are the prime factors of 13923326?
2, 23, 302681
What are the prime factors of 599076?
2, 3, 43
List the prime factors of 1502955.
3, 5, 1237
List the prime factors of 15757398.
2, 3, 61, 113, 127
What are the prime factors of 2218168?
2, 179, 1549
What are the prime factors of 707172?
2, 3, 31, 1901
List the prime factors of 1382092.
2, 167, 2069
List the prime factors of 2441491.
13, 109, 1723
List the prime factors of 600213.
3, 29, 6899
What are the prime factors of 13125158?
2, 37, 193, 919
List the prime factors of 647525.
5, 59, 439
What are the prime factors of 409010?
2, 5, 7, 5843
List the prime factors of 739202.
2, 139, 2659
What are the prime factors of 718759?
718759
List the prime factors of 4015975.
5, 160639
What are the prime factors of 3296256?
2, 3, 29, 37
What are the prime factors of 134939?
7, 37, 521
List the prime factors of 254583.
3, 7, 449
What are the prime factors of 14578064?
2, 911129
What are the prime factors of 8412752?
2, 